{"id":1283,"date":"2023-11-08T05:40:38","date_gmt":"2023-11-08T10:40:38","guid":{"rendered":"https:\/\/www.dumianmedical.net\/web\/?page_id=1283"},"modified":"2023-11-15T06:04:39","modified_gmt":"2023-11-15T11:04:39","slug":"dispensacion-de-medicamentos","status":"publish","type":"page","link":"https:\/\/www.dumianmedical.net\/web\/nuestros-servicios\/dispensacion-de-medicamentos\/","title":{"rendered":"Dispensacion de Medicamentos"},"content":{"rendered":"\t\t<div data-elementor-type=\"wp-page\" data-elementor-id=\"1283\" class=\"elementor elementor-1283\">\n\t\t\t\t\t\t<section class=\"elementor-section elementor-top-section elementor-element elementor-element-7d213ed elementor-section-boxed elementor-section-height-default elementor-section-height-default\" data-id=\"7d213ed\" data-element_type=\"section\" data-e-type=\"section\">\n\t\t\t\t\t\t<div class=\"elementor-container elementor-column-gap-default\">\n\t\t\t\t\t<div class=\"elementor-column elementor-col-100 elementor-top-column elementor-element elementor-element-24891f3\" data-id=\"24891f3\" data-element_type=\"column\" data-e-type=\"column\">\n\t\t\t<div class=\"elementor-widget-wrap elementor-element-populated\">\n\t\t\t\t\t\t<div class=\"elementor-element elementor-element-68a5526 elementor-widget elementor-widget-spacer\" data-id=\"68a5526\" data-element_type=\"widget\" data-e-type=\"widget\" data-widget_type=\"spacer.default\">\n\t\t\t\t<div class=\"elementor-widget-container\">\n\t\t\t\t\t\t\t<div class=\"elementor-spacer\">\n\t\t\t<div class=\"elementor-spacer-inner\"><\/div>\n\t\t<\/div>\n\t\t\t\t\t\t<\/div>\n\t\t\t\t<\/div>\n\t\t\t\t\t<\/div>\n\t\t<\/div>\n\t\t\t\t\t<\/div>\n\t\t<\/section>\n\t\t\t\t<section class=\"elementor-section elementor-top-section elementor-element elementor-element-f300b71 elementor-section-boxed elementor-section-height-default elementor-section-height-default\" data-id=\"f300b71\" data-element_type=\"section\" data-e-type=\"section\">\n\t\t\t\t\t\t<div class=\"elementor-container elementor-column-gap-default\">\n\t\t\t\t\t<div class=\"elementor-column elementor-col-100 elementor-top-column elementor-element elementor-element-c5d4723\" data-id=\"c5d4723\" data-element_type=\"column\" data-e-type=\"column\" data-settings=\"{&quot;background_background&quot;:&quot;classic&quot;}\">\n\t\t\t<div class=\"elementor-widget-wrap elementor-element-populated\">\n\t\t\t\t\t\t<div class=\"elementor-element elementor-element-2118c80 elementor-view-framed elementor-shape-square elementor-widget elementor-widget-icon\" data-id=\"2118c80\" data-element_type=\"widget\" data-e-type=\"widget\" data-widget_type=\"icon.default\">\n\t\t\t\t<div class=\"elementor-widget-container\">\n\t\t\t\t\t\t\t<div class=\"elementor-icon-wrapper\">\n\t\t\t<div class=\"elementor-icon\">\n\t\t\t<i aria-hidden=\"true\" class=\"fas fa-pills\"><\/i>\t\t\t<\/div>\n\t\t<\/div>\n\t\t\t\t\t\t<\/div>\n\t\t\t\t<\/div>\n\t\t\t\t<div class=\"elementor-element elementor-element-104ee79 elementor-invisible elementor-widget elementor-widget-heading\" data-id=\"104ee79\" data-element_type=\"widget\" data-e-type=\"widget\" data-settings=\"{&quot;_animation&quot;:&quot;zoomIn&quot;}\" data-widget_type=\"heading.default\">\n\t\t\t\t<div class=\"elementor-widget-container\">\n\t\t\t\t\t<h2 class=\"elementor-heading-title elementor-size-default\">Dispensaci\u00f3n de Medicamentos<\/h2>\t\t\t\t<\/div>\n\t\t\t\t<\/div>\n\t\t\t\t<section class=\"elementor-section elementor-inner-section elementor-element elementor-element-28f92ef elementor-section-boxed elementor-section-height-default elementor-section-height-default\" data-id=\"28f92ef\" data-element_type=\"section\" data-e-type=\"section\">\n\t\t\t\t\t\t<div class=\"elementor-container elementor-column-gap-default\">\n\t\t\t\t\t<div class=\"elementor-column elementor-col-50 elementor-inner-column elementor-element elementor-element-4f5a3c4\" data-id=\"4f5a3c4\" data-element_type=\"column\" data-e-type=\"column\">\n\t\t\t<div class=\"elementor-widget-wrap elementor-element-populated\">\n\t\t\t\t\t\t<div class=\"elementor-element elementor-element-c2853f9 elementor-invisible elementor-widget elementor-widget-text-editor\" data-id=\"c2853f9\" data-element_type=\"widget\" data-e-type=\"widget\" data-settings=\"{&quot;_animation&quot;:&quot;bounce&quot;}\" data-widget_type=\"text-editor.default\">\n\t\t\t\t<div class=\"elementor-widget-container\">\n\t\t\t\t\t\t\t\t\t<p style=\"text-align: justify;\">Este servicio esta encargado de brindar una farmacoterapia efectiva segura y eficiente, mediante una atenci\u00f3n farmac\u00e9utica basada en la evidencia cient\u00edfica, que aporte un valor a\u00f1adido a las \u00e1reas que afectan al uso del medicamento, contribuyendo a la mejora de la salud para satisfacer las necesidades y expectativas de los pacientes.<\/p>\t\t\t\t\t\t\t\t<\/div>\n\t\t\t\t<\/div>\n\t\t\t\t\t<\/div>\n\t\t<\/div>\n\t\t\t\t<div class=\"elementor-column elementor-col-50 elementor-inner-column elementor-element elementor-element-747001e\" data-id=\"747001e\" data-element_type=\"column\" data-e-type=\"column\">\n\t\t\t<div class=\"elementor-widget-wrap elementor-element-populated\">\n\t\t\t\t\t\t<div class=\"elementor-element elementor-element-cd5986f elementor-widget elementor-widget-image\" data-id=\"cd5986f\" data-element_type=\"widget\" data-e-type=\"widget\" data-widget_type=\"image.default\">\n\t\t\t\t<div class=\"elementor-widget-container\">\n\t\t\t\t\t\t\t\t\t\t\t\t\t\t\t<img fetchpriority=\"high\" decoding=\"async\" width=\"402\" height=\"274\" src=\"https:\/\/www.dumianmedical.net\/web\/wp-content\/uploads\/2023\/11\/Dumian-Medical-Dispensacion-de-Medicamentos.png\" class=\"attachment-large size-large wp-image-1288\" alt=\"Dumian Medical Dispensaci\u00f3n de Medicamentos\" srcset=\"https:\/\/www.dumianmedical.net\/web\/wp-content\/uploads\/2023\/11\/Dumian-Medical-Dispensacion-de-Medicamentos.png 402w, https:\/\/www.dumianmedical.net\/web\/wp-content\/uploads\/2023\/11\/Dumian-Medical-Dispensacion-de-Medicamentos-300x204.png 300w\" sizes=\"(max-width: 402px) 100vw, 402px\" \/>\t\t\t\t\t\t\t\t\t\t\t\t\t\t\t<\/div>\n\t\t\t\t<\/div>\n\t\t\t\t\t<\/div>\n\t\t<\/div>\n\t\t\t\t\t<\/div>\n\t\t<\/section>\n\t\t\t\t\t<\/div>\n\t\t<\/div>\n\t\t\t\t\t<\/div>\n\t\t<\/section>\n\t\t\t\t<section class=\"elementor-section elementor-top-section elementor-element elementor-element-429a093 elementor-section-boxed elementor-section-height-default elementor-section-height-default\" data-id=\"429a093\" data-element_type=\"section\" data-e-type=\"section\">\n\t\t\t\t\t\t<div class=\"elementor-container elementor-column-gap-default\">\n\t\t\t\t\t<div class=\"elementor-column elementor-col-100 elementor-top-column elementor-element elementor-element-84fc7f6\" data-id=\"84fc7f6\" data-element_type=\"column\" data-e-type=\"column\">\n\t\t\t<div class=\"elementor-widget-wrap elementor-element-populated\">\n\t\t\t\t\t\t<div class=\"elementor-element elementor-element-d79df83 elementor-widget elementor-widget-spacer\" data-id=\"d79df83\" data-element_type=\"widget\" data-e-type=\"widget\" data-widget_type=\"spacer.default\">\n\t\t\t\t<div class=\"elementor-widget-container\">\n\t\t\t\t\t\t\t<div class=\"elementor-spacer\">\n\t\t\t<div class=\"elementor-spacer-inner\"><\/div>\n\t\t<\/div>\n\t\t\t\t\t\t<\/div>\n\t\t\t\t<\/div>\n\t\t\t\t\t<\/div>\n\t\t<\/div>\n\t\t\t\t\t<\/div>\n\t\t<\/section>\n\t\t\t\t<\/div>\n\t\t","protected":false},"excerpt":{"rendered":"<p>Dispensaci\u00f3n de Medicamentos Este servicio esta encargado de brindar una farmacoterapia efectiva segura y eficiente, mediante una atenci\u00f3n farmac\u00e9utica basada en la evidencia cient\u00edfica, que aporte un valor a\u00f1adido a [&hellip;]<\/p>\n","protected":false},"author":1,"featured_media":0,"parent":249,"menu_order":3,"comment_status":"closed","ping_status":"closed","template":"elementor_header_footer","meta":{"ocean_post_layout":"","ocean_both_sidebars_style":"","ocean_both_sidebars_content_width":0,"ocean_both_sidebars_sidebars_width":0,"ocean_sidebar":"0","ocean_second_sidebar":"0","ocean_disable_margins":"enable","ocean_add_body_class":"","ocean_shortcode_before_top_bar":"","ocean_shortcode_after_top_bar":"","ocean_shortcode_before_header":"","ocean_shortcode_after_header":"","ocean_has_shortcode":"","ocean_shortcode_after_title":"","ocean_shortcode_before_footer_widgets":"","ocean_shortcode_after_footer_widgets":"","ocean_shortcode_before_footer_bottom":"","ocean_shortcode_after_footer_bottom":"","ocean_display_top_bar":"default","ocean_display_header":"default","ocean_header_style":"","ocean_center_header_left_menu":"0","ocean_custom_header_template":"0","ocean_custom_logo":0,"ocean_custom_retina_logo":0,"ocean_custom_logo_max_width":0,"ocean_custom_logo_tablet_max_width":0,"ocean_custom_logo_mobile_max_width":0,"ocean_custom_logo_max_height":0,"ocean_custom_logo_tablet_max_height":0,"ocean_custom_logo_mobile_max_height":0,"ocean_header_custom_menu":"0","ocean_menu_typo_font_family":"0","ocean_menu_typo_font_subset":"","ocean_menu_typo_font_size":0,"ocean_menu_typo_font_size_tablet":0,"ocean_menu_typo_font_size_mobile":0,"ocean_menu_typo_font_size_unit":"px","ocean_menu_typo_font_weight":"","ocean_menu_typo_font_weight_tablet":"","ocean_menu_typo_font_weight_mobile":"","ocean_menu_typo_transform":"","ocean_menu_typo_transform_tablet":"","ocean_menu_typo_transform_mobile":"","ocean_menu_typo_line_height":0,"ocean_menu_typo_line_height_tablet":0,"ocean_menu_typo_line_height_mobile":0,"ocean_menu_typo_line_height_unit":"","ocean_menu_typo_spacing":0,"ocean_menu_typo_spacing_tablet":0,"ocean_menu_typo_spacing_mobile":0,"ocean_menu_typo_spacing_unit":"","ocean_menu_link_color":"","ocean_menu_link_color_hover":"","ocean_menu_link_color_active":"","ocean_menu_link_background":"","ocean_menu_link_hover_background":"","ocean_menu_link_active_background":"","ocean_menu_social_links_bg":"","ocean_menu_social_hover_links_bg":"","ocean_menu_social_links_color":"","ocean_menu_social_hover_links_color":"","ocean_disable_title":"default","ocean_disable_heading":"default","ocean_post_title":"","ocean_post_subheading":"","ocean_post_title_style":"","ocean_post_title_background_color":"","ocean_post_title_background":0,"ocean_post_title_bg_image_position":"","ocean_post_title_bg_image_attachment":"","ocean_post_title_bg_image_repeat":"","ocean_post_title_bg_image_size":"","ocean_post_title_height":0,"ocean_post_title_bg_overlay":0.5,"ocean_post_title_bg_overlay_color":"","ocean_disable_breadcrumbs":"default","ocean_breadcrumbs_color":"","ocean_breadcrumbs_separator_color":"","ocean_breadcrumbs_links_color":"","ocean_breadcrumbs_links_hover_color":"","ocean_display_footer_widgets":"default","ocean_display_footer_bottom":"default","ocean_custom_footer_template":"0","omw_enable_modal_window":"enable","footnotes":""},"class_list":["post-1283","page","type-page","status-publish","hentry","entry"],"yoast_head":"<!-- This site is optimized with the Yoast SEO plugin v27.3 - https:\/\/yoast.com\/product\/yoast-seo-wordpress\/ -->\n<title>Dispensacion de Medicamentos - Dumian Medical SAS<\/title>\n<meta name=\"robots\" content=\"index, follow, max-snippet:-1, max-image-preview:large, max-video-preview:-1\" \/>\n<link rel=\"canonical\" href=\"https:\/\/www.dumianmedical.net\/web\/nuestros-servicios\/dispensacion-de-medicamentos\/\" \/>\n<meta property=\"og:locale\" content=\"es_ES\" \/>\n<meta property=\"og:type\" content=\"article\" \/>\n<meta property=\"og:title\" content=\"Dispensacion de Medicamentos - Dumian Medical SAS\" \/>\n<meta property=\"og:description\" content=\"Dispensaci\u00f3n de Medicamentos Este servicio esta encargado de brindar una farmacoterapia efectiva segura y eficiente, mediante una atenci\u00f3n farmac\u00e9utica basada en la evidencia cient\u00edfica, que aporte un valor a\u00f1adido a [&hellip;]\" \/>\n<meta property=\"og:url\" content=\"https:\/\/www.dumianmedical.net\/web\/nuestros-servicios\/dispensacion-de-medicamentos\/\" \/>\n<meta property=\"og:site_name\" content=\"Dumian Medical SAS\" \/>\n<meta property=\"article:modified_time\" content=\"2023-11-15T11:04:39+00:00\" \/>\n<meta property=\"og:image\" content=\"https:\/\/www.dumianmedical.net\/web\/wp-content\/uploads\/2023\/11\/Dumian-Medical-Dispensacion-de-Medicamentos.png\" \/>\n<meta name=\"twitter:card\" content=\"summary_large_image\" \/>\n<meta name=\"twitter:label1\" content=\"Tiempo de lectura\" \/>\n\t<meta name=\"twitter:data1\" content=\"1 minuto\" \/>\n<script type=\"application\/ld+json\" class=\"yoast-schema-graph\">{\"@context\":\"https:\\\/\\\/schema.org\",\"@graph\":[{\"@type\":\"WebPage\",\"@id\":\"https:\\\/\\\/www.dumianmedical.net\\\/web\\\/nuestros-servicios\\\/dispensacion-de-medicamentos\\\/\",\"url\":\"https:\\\/\\\/www.dumianmedical.net\\\/web\\\/nuestros-servicios\\\/dispensacion-de-medicamentos\\\/\",\"name\":\"Dispensacion de Medicamentos - Dumian Medical SAS\",\"isPartOf\":{\"@id\":\"https:\\\/\\\/www.dumianmedical.net\\\/web\\\/#website\"},\"primaryImageOfPage\":{\"@id\":\"https:\\\/\\\/www.dumianmedical.net\\\/web\\\/nuestros-servicios\\\/dispensacion-de-medicamentos\\\/#primaryimage\"},\"image\":{\"@id\":\"https:\\\/\\\/www.dumianmedical.net\\\/web\\\/nuestros-servicios\\\/dispensacion-de-medicamentos\\\/#primaryimage\"},\"thumbnailUrl\":\"https:\\\/\\\/www.dumianmedical.net\\\/web\\\/wp-content\\\/uploads\\\/2023\\\/11\\\/Dumian-Medical-Dispensacion-de-Medicamentos.png\",\"datePublished\":\"2023-11-08T10:40:38+00:00\",\"dateModified\":\"2023-11-15T11:04:39+00:00\",\"breadcrumb\":{\"@id\":\"https:\\\/\\\/www.dumianmedical.net\\\/web\\\/nuestros-servicios\\\/dispensacion-de-medicamentos\\\/#breadcrumb\"},\"inLanguage\":\"es-CO\",\"potentialAction\":[{\"@type\":\"ReadAction\",\"target\":[\"https:\\\/\\\/www.dumianmedical.net\\\/web\\\/nuestros-servicios\\\/dispensacion-de-medicamentos\\\/\"]}]},{\"@type\":\"ImageObject\",\"inLanguage\":\"es-CO\",\"@id\":\"https:\\\/\\\/www.dumianmedical.net\\\/web\\\/nuestros-servicios\\\/dispensacion-de-medicamentos\\\/#primaryimage\",\"url\":\"https:\\\/\\\/www.dumianmedical.net\\\/web\\\/wp-content\\\/uploads\\\/2023\\\/11\\\/Dumian-Medical-Dispensacion-de-Medicamentos.png\",\"contentUrl\":\"https:\\\/\\\/www.dumianmedical.net\\\/web\\\/wp-content\\\/uploads\\\/2023\\\/11\\\/Dumian-Medical-Dispensacion-de-Medicamentos.png\",\"width\":402,\"height\":274,\"caption\":\"Dumian Medical Dispensaci\u00f3n de Medicamentos\"},{\"@type\":\"BreadcrumbList\",\"@id\":\"https:\\\/\\\/www.dumianmedical.net\\\/web\\\/nuestros-servicios\\\/dispensacion-de-medicamentos\\\/#breadcrumb\",\"itemListElement\":[{\"@type\":\"ListItem\",\"position\":1,\"name\":\"Inicio\",\"item\":\"https:\\\/\\\/www.dumianmedical.net\\\/web\\\/\"},{\"@type\":\"ListItem\",\"position\":2,\"name\":\"Nuestros servicios\",\"item\":\"https:\\\/\\\/www.dumianmedical.net\\\/web\\\/nuestros-servicios\\\/\"},{\"@type\":\"ListItem\",\"position\":3,\"name\":\"Dispensacion de Medicamentos\"}]},{\"@type\":\"WebSite\",\"@id\":\"https:\\\/\\\/www.dumianmedical.net\\\/web\\\/#website\",\"url\":\"https:\\\/\\\/www.dumianmedical.net\\\/web\\\/\",\"name\":\"Dumian Medical SAS\",\"description\":\"\",\"publisher\":{\"@id\":\"https:\\\/\\\/www.dumianmedical.net\\\/web\\\/#organization\"},\"potentialAction\":[{\"@type\":\"SearchAction\",\"target\":{\"@type\":\"EntryPoint\",\"urlTemplate\":\"https:\\\/\\\/www.dumianmedical.net\\\/web\\\/?s={search_term_string}\"},\"query-input\":{\"@type\":\"PropertyValueSpecification\",\"valueRequired\":true,\"valueName\":\"search_term_string\"}}],\"inLanguage\":\"es-CO\"},{\"@type\":\"Organization\",\"@id\":\"https:\\\/\\\/www.dumianmedical.net\\\/web\\\/#organization\",\"name\":\"Dumian Medical SAS\",\"url\":\"https:\\\/\\\/www.dumianmedical.net\\\/web\\\/\",\"logo\":{\"@type\":\"ImageObject\",\"inLanguage\":\"es-CO\",\"@id\":\"https:\\\/\\\/www.dumianmedical.net\\\/web\\\/#\\\/schema\\\/logo\\\/image\\\/\",\"url\":\"https:\\\/\\\/www.dumianmedical.net\\\/web\\\/wp-content\\\/uploads\\\/2023\\\/06\\\/LOGO-DUMIAN.png\",\"contentUrl\":\"https:\\\/\\\/www.dumianmedical.net\\\/web\\\/wp-content\\\/uploads\\\/2023\\\/06\\\/LOGO-DUMIAN.png\",\"width\":988,\"height\":453,\"caption\":\"Dumian Medical SAS\"},\"image\":{\"@id\":\"https:\\\/\\\/www.dumianmedical.net\\\/web\\\/#\\\/schema\\\/logo\\\/image\\\/\"}}]}<\/script>\n<!-- \/ Yoast SEO plugin. -->","yoast_head_json":{"title":"Dispensacion de Medicamentos - Dumian Medical SAS","robots":{"index":"index","follow":"follow","max-snippet":"max-snippet:-1","max-image-preview":"max-image-preview:large","max-video-preview":"max-video-preview:-1"},"canonical":"https:\/\/www.dumianmedical.net\/web\/nuestros-servicios\/dispensacion-de-medicamentos\/","og_locale":"es_ES","og_type":"article","og_title":"Dispensacion de Medicamentos - Dumian Medical SAS","og_description":"Dispensaci\u00f3n de Medicamentos Este servicio esta encargado de brindar una farmacoterapia efectiva segura y eficiente, mediante una atenci\u00f3n farmac\u00e9utica basada en la evidencia cient\u00edfica, que aporte un valor a\u00f1adido a [&hellip;]","og_url":"https:\/\/www.dumianmedical.net\/web\/nuestros-servicios\/dispensacion-de-medicamentos\/","og_site_name":"Dumian Medical SAS","article_modified_time":"2023-11-15T11:04:39+00:00","og_image":[{"url":"https:\/\/www.dumianmedical.net\/web\/wp-content\/uploads\/2023\/11\/Dumian-Medical-Dispensacion-de-Medicamentos.png","type":"","width":"","height":""}],"twitter_card":"summary_large_image","twitter_misc":{"Tiempo de lectura":"1 minuto"},"schema":{"@context":"https:\/\/schema.org","@graph":[{"@type":"WebPage","@id":"https:\/\/www.dumianmedical.net\/web\/nuestros-servicios\/dispensacion-de-medicamentos\/","url":"https:\/\/www.dumianmedical.net\/web\/nuestros-servicios\/dispensacion-de-medicamentos\/","name":"Dispensacion de Medicamentos - Dumian Medical SAS","isPartOf":{"@id":"https:\/\/www.dumianmedical.net\/web\/#website"},"primaryImageOfPage":{"@id":"https:\/\/www.dumianmedical.net\/web\/nuestros-servicios\/dispensacion-de-medicamentos\/#primaryimage"},"image":{"@id":"https:\/\/www.dumianmedical.net\/web\/nuestros-servicios\/dispensacion-de-medicamentos\/#primaryimage"},"thumbnailUrl":"https:\/\/www.dumianmedical.net\/web\/wp-content\/uploads\/2023\/11\/Dumian-Medical-Dispensacion-de-Medicamentos.png","datePublished":"2023-11-08T10:40:38+00:00","dateModified":"2023-11-15T11:04:39+00:00","breadcrumb":{"@id":"https:\/\/www.dumianmedical.net\/web\/nuestros-servicios\/dispensacion-de-medicamentos\/#breadcrumb"},"inLanguage":"es-CO","potentialAction":[{"@type":"ReadAction","target":["https:\/\/www.dumianmedical.net\/web\/nuestros-servicios\/dispensacion-de-medicamentos\/"]}]},{"@type":"ImageObject","inLanguage":"es-CO","@id":"https:\/\/www.dumianmedical.net\/web\/nuestros-servicios\/dispensacion-de-medicamentos\/#primaryimage","url":"https:\/\/www.dumianmedical.net\/web\/wp-content\/uploads\/2023\/11\/Dumian-Medical-Dispensacion-de-Medicamentos.png","contentUrl":"https:\/\/www.dumianmedical.net\/web\/wp-content\/uploads\/2023\/11\/Dumian-Medical-Dispensacion-de-Medicamentos.png","width":402,"height":274,"caption":"Dumian Medical Dispensaci\u00f3n de Medicamentos"},{"@type":"BreadcrumbList","@id":"https:\/\/www.dumianmedical.net\/web\/nuestros-servicios\/dispensacion-de-medicamentos\/#breadcrumb","itemListElement":[{"@type":"ListItem","position":1,"name":"Inicio","item":"https:\/\/www.dumianmedical.net\/web\/"},{"@type":"ListItem","position":2,"name":"Nuestros servicios","item":"https:\/\/www.dumianmedical.net\/web\/nuestros-servicios\/"},{"@type":"ListItem","position":3,"name":"Dispensacion de Medicamentos"}]},{"@type":"WebSite","@id":"https:\/\/www.dumianmedical.net\/web\/#website","url":"https:\/\/www.dumianmedical.net\/web\/","name":"Dumian Medical SAS","description":"","publisher":{"@id":"https:\/\/www.dumianmedical.net\/web\/#organization"},"potentialAction":[{"@type":"SearchAction","target":{"@type":"EntryPoint","urlTemplate":"https:\/\/www.dumianmedical.net\/web\/?s={search_term_string}"},"query-input":{"@type":"PropertyValueSpecification","valueRequired":true,"valueName":"search_term_string"}}],"inLanguage":"es-CO"},{"@type":"Organization","@id":"https:\/\/www.dumianmedical.net\/web\/#organization","name":"Dumian Medical SAS","url":"https:\/\/www.dumianmedical.net\/web\/","logo":{"@type":"ImageObject","inLanguage":"es-CO","@id":"https:\/\/www.dumianmedical.net\/web\/#\/schema\/logo\/image\/","url":"https:\/\/www.dumianmedical.net\/web\/wp-content\/uploads\/2023\/06\/LOGO-DUMIAN.png","contentUrl":"https:\/\/www.dumianmedical.net\/web\/wp-content\/uploads\/2023\/06\/LOGO-DUMIAN.png","width":988,"height":453,"caption":"Dumian Medical SAS"},"image":{"@id":"https:\/\/www.dumianmedical.net\/web\/#\/schema\/logo\/image\/"}}]}},"_links":{"self":[{"href":"https:\/\/www.dumianmedical.net\/web\/wp-json\/wp\/v2\/pages\/1283","targetHints":{"allow":["GET"]}}],"collection":[{"href":"https:\/\/www.dumianmedical.net\/web\/wp-json\/wp\/v2\/pages"}],"about":[{"href":"https:\/\/www.dumianmedical.net\/web\/wp-json\/wp\/v2\/types\/page"}],"author":[{"embeddable":true,"href":"https:\/\/www.dumianmedical.net\/web\/wp-json\/wp\/v2\/users\/1"}],"replies":[{"embeddable":true,"href":"https:\/\/www.dumianmedical.net\/web\/wp-json\/wp\/v2\/comments?post=1283"}],"version-history":[{"count":7,"href":"https:\/\/www.dumianmedical.net\/web\/wp-json\/wp\/v2\/pages\/1283\/revisions"}],"predecessor-version":[{"id":1292,"href":"https:\/\/www.dumianmedical.net\/web\/wp-json\/wp\/v2\/pages\/1283\/revisions\/1292"}],"up":[{"embeddable":true,"href":"https:\/\/www.dumianmedical.net\/web\/wp-json\/wp\/v2\/pages\/249"}],"wp:attachment":[{"href":"https:\/\/www.dumianmedical.net\/web\/wp-json\/wp\/v2\/media?parent=1283"}],"curies":[{"name":"wp","href":"https:\/\/api.w.org\/{rel}","templated":true}]}}